{"id":2458,"date":"2022-10-05T18:36:16","date_gmt":"2022-10-05T18:36:16","guid":{"rendered":"https:\/\/teollisuusperinne.fi\/?page_id=2458"},"modified":"2022-10-12T18:24:06","modified_gmt":"2022-10-12T18:24:06","slug":"valkeakosken-kirjapaino","status":"publish","type":"page","link":"https:\/\/teollisuusperinne.fi\/index.php\/valkeakosken-kirjapaino\/","title":{"rendered":"Valkeakosken kirjapaino"},"content":{"rendered":"\t\t<div data-elementor-type=\"wp-page\" data-elementor-id=\"2458\" class=\"elementor elementor-2458\">\n\t\t\t\t\t\t<section class=\"elementor-section elementor-top-section elementor-element elementor-element-bd6a9d3 elementor-section-boxed elementor-section-height-default elementor-section-height-default\" data-id=\"bd6a9d3\" data-element_type=\"section\" data-e-type=\"section\">\n\t\t\t\t\t\t<div class=\"elementor-container elementor-column-gap-default\">\n\t\t\t\t\t<div class=\"elementor-column elementor-col-100 elementor-top-column elementor-element elementor-element-c25d52e\" data-id=\"c25d52e\" data-element_type=\"column\" data-e-type=\"column\">\n\t\t\t<div class=\"elementor-widget-wrap elementor-element-populated\">\n\t\t\t\t\t\t<div class=\"elementor-element elementor-element-b510d38 elementor-widget elementor-widget-text-editor\" data-id=\"b510d38\" data-element_type=\"widget\" data-e-type=\"widget\" data-widget_type=\"text-editor.default\">\n\t\t\t\t<div class=\"elementor-widget-container\">\n\t\t\t\t\t\t\t\t\t<p><span style=\"color: #808080;\">Vuonna 1949 toimintansa aloitti Valkeakosken Kirjapaino Osakeyhti\u00f6, jonka sadasta osakkeesta l\u00e4hes kaikki olivat Yhtyneiden Paperitehtaiden omistuksessa.<\/span><\/p><p><span style=\"color: #808080;\">Osakeyhti\u00f6n perustamisen taustalla olivat erimielisyydet palkoista ja ty\u00f6ehtosopimuksista. Jo ennen osakeyhti\u00f6n toiminnan virallista alkamista osa kirjapainon koneista siirrettiin virvoitusjuomatehdas Roine Oy:n tiloihin. Virallinen osakeyhti\u00f6n toiminnan aloittaminen hyv\u00e4ksyttiin kun kes\u00e4ll\u00e4 1948 kirjapainossa alkoi lakko, jonka pel\u00e4ttiin levi\u00e4v\u00e4n my\u00f6s paperialan ty\u00f6ntekij\u00f6iden keskuuteen.<\/span><\/p><p><span style=\"color: #808080;\">Vuonna 1950 Roine Oy:n rakennus siirtyi kokonaan kirjapainon k\u00e4ytt\u00f6\u00f6n ja my\u00f6s painon konekantaa lis\u00e4ttiin. Kirjapainon tarkoitus oli tyydytt\u00e4\u00e4 paikallinen ja Yhtyneiden Paperitehtaiden tarve kirjapainotuotteille. Yhtyneiden lis\u00e4ksi merkitt\u00e4v\u00e4 asiakas oli Valkeakosken Sanomat. Vuonna 1957 Valkeakosken Sanomien julkaisuoikeus siirtyi kokonaan Kirjapaino Osakeyhti\u00f6lle.<\/span><\/p><p><span style=\"color: #808080;\">1970-luvulla kirjapainolla meni hyvin ja muun muassa vuonna 1973 kirjapainossa painettiin noin 60 sanoma- ja aikakauslehte\u00e4. My\u00f6s uusia investointeja tehtiin. Vuosikymmenen puoliv\u00e4liss\u00e4 lama kuitenkin alkoi vaikuttaa my\u00f6s kirjapainon toimintaan ja sen toiminta alkoi olla tappiollista. Osakeyhti\u00f6 joutui my\u00f6s maksamaan j\u00e4lkiveroa vuosien 1971 &#8211; 1974 aikana tapahtuneiden verotarkastuksen virheiden takia.<\/span><\/p><p><span style=\"color: #808080;\">Vuosikymmenen puoliv\u00e4liss\u00e4 Valkeakosken Kirjapaino Osakeyhti\u00f6 alkoi my\u00f6s tehd\u00e4 yhteisty\u00f6t\u00e4 H\u00e4meen Kirjapaino Oy:n kanssa. Lis\u00e4ksi tehtiin selvityst\u00e4 kirjapainon kehitt\u00e4misen edellytyksist\u00e4. Vuosikymmenen lopussa Yhtyneiden Paperitehtaiden fuusiossa yhti\u00f6n omistuksessa ollut Printpoint Oy ja J\u00e4ms\u00e4n Lehti Oy sulautettiin yhteen. Valkeakosken ja H\u00e4meen kirjapainot jatkoivat J\u00e4ms\u00e4n Lehti Oy:n nimell\u00e4.<\/span><\/p><p><span style=\"color: #808080;\">Lis\u00e4\u00e4 muutoksia seurasi 1980-luvulla kun Yhtyneet Paperitehtaat myi J\u00e4ms\u00e4n Lehden osakekantansa Tampereen Kirjapainolle, ja Valkeakosken kirjapaino yhdistettiin Valkeakosken Sanomat Oy:\u00f6\u00f6n. Teknologian muuttuessa ja tietotekniikan yleistyess\u00e4 Valkeakosken kirjapaino erikoistui lehtien ja suurten sarjojen painamiseen.<\/span><\/p><p><span style=\"color: #808080;\">Vuonna 1995 Yhtyneet Paperitehtaat myi Valkeakosken Sanomat Oy:n osake-enemmist\u00f6ns\u00e4 Aamulehti-yhtym\u00e4lle. Paperitehtaiden myym\u00e4 yhti\u00f6 sis\u00e4lsi my\u00f6s kirjapainon. 1998 Aamulehti-yhtym\u00e4 ja MTV-yhtym\u00e4 yhdistyiv\u00e4t Alma Mediaksi ja 1999 Valkeakosken Kirjapainon toiminta lopetettiin pysyv\u00e4sti.<\/span><\/p><p><span style=\"color: #808080;\">Kirjapainon henkil\u00f6kunnasta graafista alaa j\u00e4iv\u00e4t jatkamaan Painotuote Roulamo Oy, sek\u00e4 Koskiprint Oy, joka kuitenkin lopetti toimintansa vuonna 2011.<\/span><\/p><p><span style=\"color: #808080;\">Verna Antila<\/span><\/p>\t\t\t\t\t\t\t\t<\/div>\n\t\t\t\t<\/div>\n\t\t\t\t\t<\/div>\n\t\t<\/div>\n\t\t\t\t\t<\/div>\n\t\t<\/section>\n\t\t\t\t<\/div>\n\t\t","protected":false},"excerpt":{"rendered":"<p>Vuonna 1949 toimintansa aloitti Valkeakosken Kirjapaino Osakeyhti\u00f6, jonka sadasta osakkeesta l\u00e4hes kaikki olivat Yhtyneiden Paperitehtaiden omistuksessa. Osakeyhti\u00f6n perustamisen taustalla olivat erimielisyydet palkoista ja ty\u00f6ehtosopimuksista. Jo ennen osakeyhti\u00f6n toiminnan virallista alkamista osa kirjapainon koneista siirrettiin virvoitusjuomatehdas Roine Oy:n tiloihin. Virallinen osakeyhti\u00f6n toiminnan aloittaminen hyv\u00e4ksyttiin kun kes\u00e4ll\u00e4 1948 kirjapainossa alkoi lakko, jonka pel\u00e4ttiin levi\u00e4v\u00e4n my\u00f6s paperialan ty\u00f6ntekij\u00f6iden [&hellip;]<\/p>\n","protected":false},"author":3,"featured_media":0,"parent":0,"menu_order":0,"comment_status":"closed","ping_status":"closed","template":"elementor_canvas","meta":{"footnotes":""},"folder":[9],"class_list":["post-2458","page","type-page","status-publish","hentry"],"_links":{"self":[{"href":"https:\/\/teollisuusperinne.fi\/index.php\/wp-json\/wp\/v2\/pages\/2458","targetHints":{"allow":["GET"]}}],"collection":[{"href":"https:\/\/teollisuusperinne.fi\/index.php\/wp-json\/wp\/v2\/pages"}],"about":[{"href":"https:\/\/teollisuusperinne.fi\/index.php\/wp-json\/wp\/v2\/types\/page"}],"author":[{"embeddable":true,"href":"https:\/\/teollisuusperinne.fi\/index.php\/wp-json\/wp\/v2\/users\/3"}],"replies":[{"embeddable":true,"href":"https:\/\/teollisuusperinne.fi\/index.php\/wp-json\/wp\/v2\/comments?post=2458"}],"version-history":[{"count":10,"href":"https:\/\/teollisuusperinne.fi\/index.php\/wp-json\/wp\/v2\/pages\/2458\/revisions"}],"predecessor-version":[{"id":2540,"href":"https:\/\/teollisuusperinne.fi\/index.php\/wp-json\/wp\/v2\/pages\/2458\/revisions\/2540"}],"wp:attachment":[{"href":"https:\/\/teollisuusperinne.fi\/index.php\/wp-json\/wp\/v2\/media?parent=2458"}],"wp:term":[{"taxonomy":"folder","embeddable":true,"href":"https:\/\/teollisuusperinne.fi\/index.php\/wp-json\/wp\/v2\/folder?post=2458"}],"curies":[{"name":"wp","href":"https:\/\/api.w.org\/{rel}","templated":true}]}}